- d. Is t composite?
True
Suppose -3*g + 12*k + 38 = 16*k, 2*g - 23 = -5*k. Suppose 95656 = g*r - 6. Is r a prime number?
True
Let l(m) = -537*m + 8380. Is l(7) a composite number?
False
Let t(f) = -f**3 - f - 2. Let z be t(-1). Suppose 2*j + 1330 - 17624 = z. Is j prime?
True
Let d(o) = -24*o**3 + 2*o**2 - 12*o + 4. Let x be d(8). Let b = x + 19062. Suppose -2*v + b = 3*f - 7*f, 5*v - 17061 = f. Is v prime?
True
Let g = -27651 - -53134. Is g prime?
False
Let o = 46305 - 14161. Let j = -19825 + o. Is j prime?
False
Suppose -3*p + 200 = 7*p. Suppose p*l - 41*l = -278985. Is l a prime number?
False
Suppose -8*p + 348695 = 3*u - 12*p, u = -2*p + 116235. Is u a prime number?
False
Suppose 121*b - 212*b + 477303668 = 681*b. Is b composite?
False
Suppose 0 = -3*k - 5*d + 28, -2*d + 13 = 2*k - 3. Let v be ((-21)/(-14))/(-3)*-10. Suppose 5*u - c - 1533 = 0, -5*c - 297 = v*u - k*u. Is u prime?
True
Let n(o) = 27*o**3 + 14*o**2 + 27*o + 11. Let m be (-26)/(7/(49/(-14))). Is n(m) a prime number?
True
Let f(t) = 19*t**3 - 36*t**2 + 20*t + 87. Let v(d) = d**3 - d**2 + 3*d + 2. Let m(g) = f(g) - 5*v(g). Is m(10) a prime number?
True
Let j(f) = -2599*f**2 + 5*f + 45. Let b be j(-8). Is 3/6 - b/22 a prime number?
True
Let n(f) = 14*f**2 + 26*f - 157. Suppose -7*d + 348 = 5*d. Is n(d) a prime number?
False
Suppose 267*k - 121*k = -154*k + 133875300. Is k composite?
True
Suppose -20 = 4*r, 15*b + 21196 = 18*b + 4*r. Let p = 12533 - b. Is p a composite number?
True
Let f be (-330)/45 + 49/21. Let s be 1/4 - (-9)/(-4). Is 149/(-2)*(f - s - -1) a prime number?
True
Let w = 1923 + -2949. Let n = w - -3605. Is n composite?
False
Suppose 0 = 121*y - 70*y - 4310571. Is y a composite number?
False
Let i(d) = d**2 - 7*d - 8. Let v be i(-13). Let o = 1093 - v. Is o a prime number?
False
Let p = -3242 + 125893. Is p composite?
False
Let a = -172 + 172. Is 51 - -12625 - (5 - a) a prime number?
True
Let j = 29 - 27. Suppose n + j*r = 986, -2*r - 3*r - 958 = -n. Suppose 6*i - o = 4*i + n, 2*i - 2*o = 974. Is i a prime number?
True
Let c be -5460*(-1 + 26/6). Let u = -5041 - c. Is u composite?
False
Let s = 2140 - 3243. Let y = s - -2557. Is y a prime number?
False
Suppose -65*g - 258 = -62*g. Let b = 117 + g. Suppose 25*o - b*o + 5106 = 0. Is o a prime number?
False
Suppose 0 = -5*b + 3*y + 13, -41 = -6*b + b - 4*y. Let j be 5/(-1) + 24/3. Suppose j*v - 3208 = -b*z, 1283 = 4*z - 2*z + v. Is z composite?
False
Let u be (-676053)/(-6) - 2 - 20/(-8). Is (2/(-8))/((-17)/u) a prime number?
True
Suppose -605*h + 602*h + 24 = 0. Suppose -h*g + 124831 = 9*g. Is g a prime number?
False
Let l(r) = 2412*r**2 - 11*r - 88. Is l(17) a prime number?
True
Let x(s) = -1636*s**3 - s**2 - s + 2. Let q be x(-1). Let p = q - -1139. Is p a composite number?
False
Let s(j) be the second derivative of 29*j**4/12 + j**3/3 + 9*j**2/2 - 14*j + 1. Suppose -c + 1 = -q - 10, 5*q - 3*c = -45. Is s(q) composite?
True
Suppose f - 48*x - 11 = -45*x, -2*x + 11 = 3*f. Suppose -5*a = -2*h - 169867, -76*a + 81*a + f*h = 169860. Is a composite?
True
Let c be 5/10*((13 - 3) + 0). Suppose -c*f - 5 = 5*s, 2*f - 5*f - s - 1 = 0. Suppose 0 = -7*r - f*r + 20573. Is r prime?
True
Let q(m) = 875*m**2 + 2*m + 36*m**3 - 13 - 433*m**2 - 434*m**2. Is q(8) prime?
True
Suppose 18 = -38*z + 41*z. Is 6/((-24)/(-34612)) + z a prime number?
False
Let k(r) = 1885*r - 149. Let g(t) = 10368*t - 820. Let z(j) = 5*g(j) - 28*k(j). Let p be z(-7). Let w = p + -3147. Is w composite?
True
Suppose 22*p + 6*p - 14550673 = -25*p. Is p composite?
True
Let s = -22 - -22. Suppose 2*j - 660 = -d, s*d + 2*d = 2*j + 1320. Suppose -1652 = -4*v + 4*t, t - d = -3*v + 595. Is v a prime number?
False
Let x be 1/(1/(-5)) - (-4754)/(-2). Is (196/(-84))/(2/x + 0) prime?
False
Let k be (-14)/49 + 506238/42. Let b = 21162 - k. Is b a composite number?
False
Suppose -6*w = -12*w - 1038. Suppose 15*r - 12*r = -102. Let h = r - w. Is h prime?
True
Suppose -5*o + 5*s - 159255 = 0, 4314 = -o - s - 27533. Is (1 - o) + (-15)/5 a composite number?
False
Let w = 374 + -347. Suppose w*o = 32*o - 28135. Is o prime?
False
Let g(s) = s - 8. Let d be g(0). Let u(a) = 9*a + 32. Let h(q) = q + 2. Let x(l) = -13*h(l) + u(l). Is x(d) a prime number?
False
Let y = 56 - 84. Let n be (-6 - (y - -2))*(86 - -1). Let b = n - 853. Is b a composite number?
False
Let k(z) = 19*z**3 - 5*z**2 - z - 26. Let f be k(5). Suppose 37*x = f + 5588. Is x a prime number?
True
Let n be ((-18)/8 + 0)/(6/(-64)). Let t be 16/n + (-28)/(-3). Suppose 0 = -t*b + 5*b + 2705. Is b a prime number?
True
Let f(x) = -1555*x**3 - x**2 - x - 3. Let s be f(-2). Suppose -45678 - s = -9*b. Is b a prime number?
False
Let g be (-7 - -13) + 5/((-5)/(-17)). Let v(n) = -n**3 + 30*n**2 - 2*n - 22. Is v(g) composite?
True
Let y = -209 + 427. Let a be (-92 + 2)/((-4)/(-6)). Let c = y + a. Is c composite?
False
Suppose -3*b = -3*z - 498 - 198, 0 = 5*z + b + 1184. Let u = 3568 - 2631. Let q = u + z. Is q prime?
True
Suppose 3*z = -3*w + 103932 - 30738, 3*w - 4*z = 73145. Is w prime?
True
Suppose -29*l + 895074 = 642904 - 763961. Is l composite?
True
Let d(r) be the second derivative of 11*r**4/12 + r**3/2 - 11*r**2/2 - 3*r + 93. Let h = -9 + 0. Is d(h) a prime number?
True
Let j be 1 + 19 + (-1 - 4). Let c(v) = -3*v**2 - 16*v**2 - 4*v - j - 46*v - 107*v**3 + 106*v**3. Is c(-17) composite?
False
Suppose 3*l - 23*l + 520 = 0. Suppose d = l*v - 22*v - 6039, -3027 = -2*v - d. Is v a composite number?
False
Let p = -943 - -948. Suppose 1283 + 3823 = 2*d. Suppose -p*w - d = -12818. Is w composite?
False
Is ((2185185/(-4))/(-5))/(1/8*2) a prime number?
False
Suppose -14*m = -20 - 50. Suppose m*v - 1133 = -g, -g - v + 6*v + 1133 = 0. Is g a composite number?
True
Suppose -181619 - 9138871 = -18*i. Is i composite?
True
Is ((-863048)/20)/(74/(-185)) a prime number?
True
Let o(f) = 18*f**2 - 6. Let v be o(-3). Suppose v = x + 28. Let a = x + 83. Is a a prime number?
True
Let n(q) = 279*q**2 + 7*q - 6. Let s be n(3). Let h = 4219 - s. Is h prime?
True
Let c(p) = 298*p**2 - 31*p + 9. Let b be c(8). Suppose 5*n - 2*j = -j + 31360, -3*n + 4*j = -b. Is n prime?
True
Suppose -4*k + 2 = -5*x - 21, -16 = -3*k + 5*x. Suppose 0*u + k*u = -1239. Is 3/2*u/(-9)*6 prime?
False
Let v(o) = 76*o**2 + 174*o + 73. Is v(-24) a prime number?
False
Suppose -4*s - 35580 = -4*y, 14*y - 26689 = 11*y + 4*s. Is y a prime number?
False
Suppose 148161 = -s + 5*r + 710779, -1125211 = -2*s + 5*r. Is s a composite number?
True
Let c be (360/(-16))/((-2)/48). Let b = c + -368. Is ((-1)/2)/((-2)/b) a prime number?
True
Let i = -19 - -52. Suppose 2*s + 302095 = i*s. Is s composite?
True
Let b = 360 - 345. Suppose b*n - 86226 = n. Is n a prime number?
False
Let q(i) = -65*i - 36. Let u be q(-20). Let a = 474 + u. Let v = -269 + a. Is v prime?
False
Suppose 877146 = 16*u + 29098. Is u a composite number?
False
Suppose 6 = 18*c - 20*c. Let x(s) = -73*s**3 - 5*s**2 - 18*s + 3. Is x(c) prime?
False
Suppose 0 = -9397*f + 9382*f + 1668090. Is f composite?
True
Let n be (96/21)/1 + 84/(-147). Suppose -n*q + 6721 = 3*j - 7381, 2*j + 5*q - 9413 = 0. Is j a prime number?
False
Let z(i) = 8*i**3 + 55*i**2 - 181*i - 49. Let g(v) = -3*v**3 - 18*v**2 + 60*v + 16. Let x(s) = 11*g(s) + 4*z(s). Is x(17) prime?
True
Let c(n) = n**3 + 15*n**2 + 9*n - 17. Let i(w) = 17*w + 3. Let f(j) = -j**2 - 1. Let b be f(0). Let m be i(b). Is c(m) a composite number?
False
Suppose 0*r - 3*r + 9 = 0. Let f(v) = 13*v**2 + 30 - 58 + v + 25 + v**r. Is f(-10) a composite number?
True
Let c(r) be the first derivative of -14 - 3/2*r**2 + 0*r**3 - 5/4*r**4 + 7*r. Is c(-4) composite?
True
Let x be 6/(-39) + (-141)/13. Let c(u) = 56*u**2 - 18*u - 27. Is c(x) prime?
True
Suppose 8*u - 2*u - 24 = 0. Suppose 0 = -u*w + 12881 - 1073. Let i = -1175 + w. Is i a prime number?
True
Let z(f) = 8571*f**2 - 127*f + 11. Is z(-6) a prime number?
False
Is (2/6)/((-79)/(-93679701)) a composite number?
False
Is 13*59172/6*3/6 a prime number?
False
Suppose -4*p = -4*q - 812, 0 = -4*q - 0*q + p - 821. Let s = q - -541. Is s composite?
True
Let j = 407 + 71. Let n be (j/(-4))/((-1)/(-4)). Let u = 1303 - n. Is u a prime number?
False
Let f(z) = 2*z**3 - 34*z**2 - 3*z + 42. Let c be f(17). Is (-1 - 4206/c)/(14/84) prime?
False